637?
5411
Calculate the greatest common factor of 6964430 and 610.
10
Calculate the greatest common factor of 9184 and 22662176.
1312
What is the highest common divisor of 2673200 and 140832?
2608
What is the greatest common factor of 44091 and 8181756?
1917
Calculate the greatest common factor of 621 and 13714371.
207
What is the highest common factor of 2340 and 890552?
52
What is the greatest common divisor of 348 and 88231746?
174
What is the highest common divisor of 6220362 and 523158?
1338
Calculate the highest common factor of 48 and 16228352.
16
What is the highest common divisor of 143 and 12375220?
143
What is the highest common factor of 52752 and 46192?
16
Calculate the greatest common factor of 240464 and 44.
4
Calculate the greatest common factor of 289 and 57846529.
289
Calculate the greatest common divisor of 35749644 and 672.
84
What is the greatest common factor of 5784 and 44907?
3
What is the greatest common divisor of 235503 and 882828?
1233
Calculate the greatest common divisor of 570786 and 4908.
6
What is the greatest common divisor of 88094292 and 17232?
4308
What is the greatest common factor of 729 and 9273609?
729
Calculate the greatest common divisor of 17952 and 2832.
48
Calculate the highest common divisor of 17938798 and 422.
422
Calculate the highest common divisor of 2014 and 82209466.
2014
Calculate the greatest common factor of 599393259 and 1037.
1037
What is the highest common factor of 125101 and 23?
1
What is the greatest common factor of 1476 and 1789691?
41
Calculate the greatest common factor of 869 and 1377222.
11
Calculate the highest common factor of 88528 and 1056.
176
Calculate the greatest common factor of 1505 and 14598185.
35
What is the highest common factor of 142 and 571556816?
142
Calculate the highest common divisor of 15 and 58890300.
15
Calculate the highest common factor of 594 and 154.
22
What is the highest common divisor of 52668 and 16733794?
2926
Calculate the greatest common divisor of 8351 and 6146.
7
Calculate the highest common divisor of 12378656 and 9979.
587
What is the highest common divisor of 110259729 and 21852?
5463
Calculate the greatest common factor of 324 and 2410404.
12
What is the greatest common factor of 87789 and 234?
39
Calculate the highest common factor of 36575 and 5005.
385
What is the highest common divisor of 19093139 and 13442?
611
Calculate the greatest common divisor of 975 and 11123437.
13
Calculate the greatest common divisor of 44421924 and 41173.
3743
What is the highest common divisor of 1885351 and 961571?
4199
What is the highest common factor of 20702408 and 8?
8
What is the greatest common divisor of 2416250 and 256250?
1250
What is the highest common divisor of 12935086 and 76?
38
What is the greatest common factor of 33500 and 391340?
20
What is the greatest common factor of 3854775 and 12?
3
What is the greatest common factor of 8500 and 24040?
20
What is the greatest common factor of 1936 and 599434?
242
Calculate the highest common factor of 51047667 and 99.
99
What is the greatest common divisor of 3614 and 16565186?
278
Calculate the highest common divisor of 2466888 and 10496.
328
What is the greatest common divisor of 289161 and 90972?
3249
Calculate the greatest common divisor of 13230 and 9700.
10
Calculate the highest common divisor of 28644 and 221869263.
7161
Calculate the greatest common divisor of 513581438 and 3686.
3686
What is the greatest common divisor of 105328716 and 786?
786
Calculate the highest common divisor of 1795625 and 11475.
425
Calculate the highest common divisor of 270 and 2697575.
5
What is the highest common factor of 3760 and 279923540?
940
Calculate the greatest common factor of 18966 and 33990233.
3161
Calculate the greatest common factor of 18714046 and 17576.
4394
What is the greatest common factor of 8 and 79240136?
8
What is the greatest common factor of 8162 and 12003334?
742
Calculate the highest common divisor of 4214 and 107158408.
602
What is the highest common divisor of 403779432 and 72?
24
What is the highest common divisor of 49311345 and 3?
3
What is the highest common factor of 25541728 and 32?
32
Calculate the greatest common factor of 450400 and 71275.
25
What is the greatest common factor of 406199 and 10187?
61
What is the greatest common divisor of 480 and 586680?
120
What is the highest common factor of 97456 and 64?
16
Calculate the greatest common divisor of 2159736648 and 1864.
1864
Calculate the highest common factor of 7462342 and 8386.
1198
What is the highest common factor of 555309 and 225?
9
What is the greatest common divisor of 4131860 and 340?
20
What is the highest common divisor of 1830 and 780870?
30
What is the greatest common divisor of 111675673 and 133?
19
Calculate the greatest common divisor of 295175 and 23825.
25
What is the greatest common factor of 525598 and 3488?
218
Calculate the highest common factor of 1430 and 573174888.
286
What is the greatest common factor of 81 and 26074791?
81
What is the greatest common divisor of 988 and 29696810?
494
What is the greatest common divisor of 17632874 and 150094?
2114
What is the highest common factor of 3985 and 126650473?
797
Calculate the highest common factor of 552 and 408359319.
69
Calculate the greatest common factor of 35 and 25311454.
7
Calculate the highest common divisor of 8 and 2029360616.
8
What is the highest common divisor of 5511 and 20218022?
1837
What is the highest common factor of 84451 and 14862307?
1069
What is the greatest common factor of 8897 and 324901917?
1271
Calculate the greatest common factor of 922623 and 295815.
1599
Calculate the highest common divisor of 962 and 1788060742.
962
What is the highest common divisor of 4692900 and 30300?
300
Calculate the highest common factor of 411 and 6028000.
137
What is the highest common divisor of 66 and 107911221?
33
What is the highest common divisor of 36 and 15443262?
18
What is the greatest common divisor of 348839053 and 549?
61
What is the highest common divisor of 27111 and 2380604?
1291
What is the greatest common factor of 6578226 and 2838?
258
Calculate the greatest common divisor of 13852940 and 55.
5
Calculate the greatest common divisor of 159540 and 2980.
20
Calculate the highest common factor of 74 and 145721318.
74
Calculate the greatest common factor of 10452 and 1280906.
134
What is the greatest common factor of 4007782 and 15669?
1741
Calculate the greatest common divisor of 6250 and 6646350.
50
Calculate the greatest common divisor of 24186 and 281892.
834
What is the highest common divisor of 61840 and 66680?
40
Calculate the greatest common factor of 30 and 6522315.
15
What is the highest common factor of 4811364 and 144?
36
Calculate the highest common divisor of 99 and 430306800.
33
What is the highest common divisor of 265454 and 2286074?
3962
What is the greatest common factor of 33074 and 62?
2
Calculate the greatest common factor of 656918 and 435598.
1006
What is the highest common factor of 3703 and 26012?
7
Calculate the greatest common divisor of 25979063 and 3872.
121
What is the greatest common factor of 12233128 and 6496?
232
Calculate the highest common factor of 120321 and 3563991.
4149
Calculate the highest common divisor of 44 and 2779667.
11
What is the greatest common divisor of 77459 and 6496?
29
Calculate the highest common divisor of 565810 and 13426.
1918
What is the highest common divisor of 188622 and 2394?
126
What is the greatest common factor of 16933 and 6550488?
287
Calculate the highest common factor of 23052708 and 756.
756
Calculate the highest common factor of 32 and 12703172.
4
What is the greatest common factor of 26297874 and 45?
9
What is the greatest common factor of 8889223 and 11522?
5761
Calculate the greatest common factor of 15859702 and 3595.
719
What is the greatest common factor of 19504 and 10380368?
848
What is the greatest common factor of 20413435 and 142345?
2905
What is the highest common divisor of 3018301 and 533?
13
What is the highest common factor of 3688375 and 64125?
2375
Calculate the greatest common factor of 408829161 and 117.
39
What is the highest common factor of 1136 and 5840048?
16
What is the highest common factor of 35365 and 150425?
55
What is 